55)/d*(166 - 2)?
5, 41
Let p(z) = 106*z**2 + 23*z + 188. What are the prime factors of p(-6)?
2, 1933
Let f(t) = -t**3 - 12*t**2 - 10*t + 7. Let q be f(-11). List the prime factors of (q/(-10) - (-85)/(-25)) + 47.
2, 11
Let f = -418 - -649. Suppose 0 = -7*d - f + 623. What are the prime factors of d?
2, 7
Suppose 217 + 743 = 6*x. Let y = x + -69. What are the prime factors of y?
7, 13
Let b = -800 - -891. What are the prime factors of b?
7, 13
Let a(l) = -l + 9. Let d be 6 - (1 - 2)*0. Let n be a(d). Suppose -n*t - 18 = -81. What are the prime factors of t?
3, 7
Let x(o) = -3*o - 3*o - 7*o - 17 + 0*o. Let y be x(-9). List the prime factors of y + -18 - (0 + 3).
79
Let o = -164 - -442. Suppose -266 - o = -4*u. What are the prime factors of u?
2, 17
Let k = -88 + 251. Suppose -2*u - 38 = 2*s - 3*s, 4*s = -3*u + k. List the prime factors of s.
2, 5
Suppose 1 = -d + 2*k, 0*k = -4*d + 2*k - 16. Let a be (-7 - d)/(3/(-9)). Let s = -3 + a. What are the prime factors of s?
3
Suppose 2*t = t + 8. Let i = -3 + t. Suppose -i*k = -2*k - 24. List the prime factors of k.
2
Let z = 230 - 215. List the prime factors of z.
3, 5
Suppose 17*a = -7*a + 3264. What are the prime factors of a?
2, 17
Let g(t) = -4*t**2 + 5*t - 3. Let z(x) = 9*x - 5*x**2 - 5 + x**2 - 3*x**2. Let r(b) = 5*g(b) - 3*z(b). What are the prime factors of r(6)?
2, 3
Let n be (-48)/112 - 3/(-7). Let y be (3 - n)/(-4 + 5). List the prime factors of ((-1)/y)/((-3)/135).
3, 5
Let k(t) = 4*t**2 - 15*t + 52. What are the prime factors of k(12)?
2, 7
Let a be (-33)/(3*1/2). Let o = -20 - a. List the prime factors of o.
2
Suppose 2*w + 13176 = 14*w. List the prime factors of w.
2, 3, 61
Suppose -211 = -u + y, -2*u = 477*y - 474*y - 447. List the prime factors of u.
2, 3
Suppose -12*a + 15*a - 132 = 0. What are the prime factors of a?
2, 11
Suppose 176 = 2*k + o + 12, o = -4*k + 324. List the prime factors of k.
2, 5
Let y(b) = -b**3 + 9*b**2. Let l be y(9). Suppose l = -m - 28 + 39. What are the prime factors of m?
11
Let i(u) = -u - 7. Let f be i(-8). Let v = 3 + -5. List the prime factors of (-15 + -1)/(f + v).
2
Let w = -137 - -141. What are the prime factors of (1 - (-508)/3) + w/6?
3, 19
Suppose -11*t + 11169 = 2413. List the prime factors of t.
2, 199
List the prime factors of (-9)/(-12) - (-6241)/4.
7, 223
Let u(w) be the first derivative of 4*w**3/3 + w - 4. Let a be u(-2). Suppose a + 31 = 4*r. What are the prime factors of r?
2, 3
Suppose 0 = -6*x + 2164 - 352. What are the prime factors of x?
2, 151
Suppose 0 = 3*u + 5*d - 1656, 2*u - 6*u = -2*d - 2208. List the prime factors of u.
2, 3, 23
Let n(b) = b**3 + 10*b**2 + 11*b + 12. Let z be n(-9). List the prime factors of 40 + 1/(2/z).
37
Let h(d) = -20*d - 123. List the prime factors of h(-50).
877
Let n = 376 - 276. What are the prime factors of n?
2, 5
Let k(j) = -5*j + 11. Let v(n) = 24*n - 54. Let g(s) = 14*k(s) + 3*v(s). Let t be g(-6). List the prime factors of (-185)/t - 1/4.
3
Let x = 1147 - -85. What are the prime factors of x?
2, 7, 11
Let l = -5417 + 8902. List the prime factors of l.
5, 17, 41
Suppose 10 = 6*s - s. Let y be s + 9*2/(-3). What are the prime factors of (0 + y/8)*-14?
7
Suppose -12 = -b - 4. Suppose 2*d + 3*i = 14, -3*d - i = -22 + b. List the prime factors of d.
2
Suppose -s - 1 = 2. Let y(j) be the second derivative of j**5/20 + 5*j**4/12 + j**3/2 + 3*j**2/2 - 3*j. List the prime factors of y(s).
2, 3
Suppose -4*j = -2*z + 2494, -12*z + 13*z - 1257 = -3*j. List the prime factors of z.
3, 139
Suppose -7*i + 3*i + 40 = 0. Let y = -14 + i. List the prime factors of 1/((-1)/108*y).
3
Let d(o) = 2*o**3 - 3*o**2 - o + 1. Let v be d(4). Suppose -3*f + 43 = -v. List the prime factors of f.
2, 5
Let s be 3 - 0*(-3)/(-6). Let w = -26 + 28. Suppose -s*b + 2 = -2*n + 2*b, 6 = w*n - b. What are the prime factors of n?
2
Let o(v) = -22*v**2 - 4*v + 5. Let z be o(2). Let m = -38 - z. What are the prime factors of m?
53
Let z(g) = -g**3 + 6*g**2 + 7*g + 6. Let i be z(7). Suppose -2*q + 840 = i*q. What are the prime factors of q?
3, 5, 7
Let u be 115 + (-1 - (0 + 4)). Suppose 5*k - 727 = -3*g - u, -4*g - 5*k = -821. List the prime factors of g.
2, 3, 17
What are the prime factors of (28 - 32)*(-46)/8?
23
Suppose 4*q - 2*o - o = 175, -5*o = 3*q - 153. Let p = 84 + -85. What are the prime factors of p*(-2 - q)/2?
2, 3
Suppose -4*t = -2*q + 1270, -t = -q - 0*q + 632. Suppose 3*a - q = -x, -15 = -2*a - 2*x + 407. What are the prime factors of a?
11, 19
Suppose 0 = 4*s + 47 - 35, -i = -2*s - 536. What are the prime factors of i?
2, 5, 53
Let k be (30/(-12))/(2/220). Let h be (-6)/(-8) - k/(-20). List the prime factors of -7 - -8 - (0 + h).
2, 7
Let n(v) be the first derivative of -v**3/3 + 5*v**2 - 5*v - 48. Let q(y) = 7*y. Let l be q(1). List the prime factors of n(l).
2
Let g(h) = -h**3 - 8*h**2 - 14*h. Let i be 684/24*4/(-3). Let d = i - -31. What are the prime factors of g(d)?
7
Suppose 0 = -4*b + 8*b - 16. Suppose -p + k = -96, 3*k - b = 2*k. What are the prime factors of p?
2, 5
Suppose 9*r = 5*r + 8. Let v be 11 - -79 - (r + -2). Suppose -w = -v + 29. List the prime factors of w.
61
Suppose 5*w = -2*c - 27, c = w + 2*w + 3. Let u be (-1702)/3 + 1/3. What are the prime factors of ((-2)/c)/((-7)/u)?
3
What are the prime factors of (-1043)/(-1) - (25 - 20)?
2, 3, 173
Suppose -6*b + 3 + 21 = 0. Suppose -92 = -4*h - b*p, 4*h - 4*p = -0*p + 132. List the prime factors of h.
2, 7
Let z(f) = f**3 + 15*f**2 + 43*f + 49. What are the prime factors of z(-10)?
7, 17
Let c(d) = d**2 - 9*d - 19. Let p be -2*(5/2 + -3). Let g be (14 - (-4)/p) + -4. What are the prime factors of c(g)?
3, 17
Suppose -c + 18 = 2*c. Suppose 4*d - 7*d + 27 = 0. Suppose -c*r = -d*r + 45. List the prime factors of r.
3, 5
Suppose -3*u = -0*u - 4*z - 2, -u = -5*z + 14. Let s = 25 - u. Let i = s - 11. List the prime factors of i.
2
Let k(x) = -6*x + 38. Let u be k(13). Let s = -12 - u. List the prime factors of s.
2, 7
Let g(s) be the third derivative of 13*s**4/8 - s**3/6 - 8*s**2. Let r be g(1). Let t = 55 - r. List the prime factors of t.
17
Suppose 0*h + 3*x = 2*h - 5, -5*h - 5*x + 75 = 0. Suppose -h*d - 444 = -13*d. What are the prime factors of d?
2, 37
Suppose o = -3*o. Suppose -3*h + 5*r - 4*r + 56 = o, 0 = 2*h - 4*r - 44. Suppose -3*s + 43 = 2*i, -s = -0*s - 3*i - h. List the prime factors of s.
3, 5
Let k be 287 - 3 - (0 - -4). Let j = k + -82. List the prime factors of j.
2, 3, 11
Let n be 98/2 - (0 + -3). Let j = 64 - 60. Suppose -j*b = -60 - n. What are the prime factors of b?
2, 7
Let b = 1354 + -692. What are the prime factors of b?
2, 331
Let r = 10 + 280. Suppose -5*c + 400 = -r. List the prime factors of c.
2, 3, 23
What are the prime factors of ((-2)/(4/(-5)))/((-5)/(-12))?
2, 3
Suppose 4*s - 3*x - 17606 = 0, 58*x - 62*x - 8808 = -2*s. What are the prime factors of s?
2, 5, 11
What are the prime factors of (-84)/((-11 - -12)*(-4)/14)?
2, 3, 7
What are the prime factors of 142/4*(-3 + 9)?
3, 71
Suppose 5*w - 5*m + 55 = 0, -5*w - 3*m + 2*m = 43. Let b(l) = l + 16. Let f(a) = 1. Let v(y) = b(y) - 5*f(y). What are the prime factors of v(w)?
2
Let w = 17 - 10. List the prime factors of 8/28 + 425/w.
61
Let q(l) be the second derivative of l**3/3 - 3*l**2/2 + 7*l. Let p be q(3). Suppose -a - p*g + 30 = 4*a, 0 = 2*a + 3*g - 12. List the prime factors of a.
2, 3
Let j = 353 + 151. Suppose g = 3*m + 4*g - j, 0 = -2*g + 6. What are the prime factors of m?
3, 5, 11
Let x = -1781 - -5181. What are the prime factors of x?
2, 5, 17
Suppose -299 = -6*b + 247. Suppose 0 = -4*o + 5*r + 378, -o = -2*o + 3*r + b. What are the prime factors of o?
97
Let r(p) = -p - p - 116 + 121. Let d = 2 - 8. List the prime factors of r(d).
17
Let a be 6/39 + (-2032)/26. Let j = 142 + a. What are the prime factors of j?
2
Let c(x) = x**2 - 4*x + 3. Let m(z) be the second derivative of z**4/12 - 2*z**3/3 + z**2/2 - 3*z. Let u be m(5). What are the prime factors of c(u)?
3, 5
Let u(f) = -f**3 - 4*f**2 + 8*f - 4. Let z(l) = -l**3 + l**2. Let w(i) = u(i) - 2*z(i). What are the prime factors of w(5)?
11
Let b(t) = 18*t + 1. Let v(q) = 37*q + 3. Let z(l) = -7*b(l) + 3*v(l). Let i be z(1). Let x = i + 55. List the prime factors of x.
2, 3, 7
Suppose -4*u = 5*m - 16845 + 274, -12422 = 